{"id":2,"date":"2021-09-28T12:46:20","date_gmt":"2021-09-28T12:46:20","guid":{"rendered":"https:\/\/www.alixinternational.com\/?page_id=2"},"modified":"2024-05-22T07:14:23","modified_gmt":"2024-05-22T07:14:23","slug":"sample-page","status":"publish","type":"page","link":"https:\/\/www.alixinternational.com\/","title":{"rendered":"Perch\u00e9 scegliere Alix?"},"content":{"rendered":"\n<div style=\"height:50px\" aria-hidden=\"true\" class=\"wp-block-spacer\"><\/div>\n\n\n\n<p class=\"has-text-align-center has-medium-font-size\">Il trasporto \u00e8 spesso considerato la parte pi\u00f9 delicata della <em>supply chain<\/em>. Il tempo \u00e8 prezioso e non c\u2019\u00e8 tempo per solleciti, mancata informazione, insicurezza e inaffidabilit\u00e0 delle risposte.<\/p>\n\n\n\n<p class=\"has-text-align-center has-medium-font-size\">Alix \u00e8 considerata da molti clienti una \u201cboutique dello shipping\u201d, dove le spedizioni vengono seguite con attenzione una ad una ed il cliente sempre guidato ed informato in ogni momento. L\u2019interlocutore \u00e8 unico dal ritiro alla consegna merce. Il lavoro non \u00e8 disperso in pi\u00f9 fasi o passaggi, rendendo ciascuna spedizione unica e personalizzata sulle esigenze della vostra azienda.<\/p>\n\n\n\n<p class=\"has-text-align-center has-medium-font-size\">In un mondo frenetico, con flussi merci sempre pi\u00f9 importanti ed un\u2019economia globale la qualit\u00e0 conta. Affidatevi ad una bottega artigiana, che vede nel dipendente una risorsa importante, da crescere a da specializzare, per offrire cos\u00ec il massimo della cura.<\/p>\n\n\n\n<p class=\"has-text-align-center has-medium-font-size\">Contattateci per un preventivo, volentieri e senza impegno vi offriremo il miglior prezzo e servizio.<\/p>\n\n\n\n<div style=\"height:25px\" aria-hidden=\"true\" class=\"wp-block-spacer\"><\/div>\n\n\n\n<div style=\"height:55px\" aria-hidden=\"true\" class=\"wp-block-spacer\"><\/div>\n\n\n\n<h1 class=\"has-text-align-center wp-block-heading\">Chiedici un preventivo ora<\/h1>\n\n\n\n<div style=\"height:55px\" aria-hidden=\"true\" class=\"wp-block-spacer\"><\/div>\n\n\n\n<div class=\"frm_forms  with_frm_style frm_style_stile-di-formidable\" id=\"frm_form_1_container\" >\n<form enctype=\"multipart\/form-data\" method=\"post\" class=\"frm-show-form \" id=\"form_contact-form\" >\n<div class=\"frm_form_fields \">\n<fieldset>\n<legend class=\"frm_screen_reader\">Chiedici un preventivo ora<\/legend>\r\n\r\n<div class=\"frm_fields_container\">\n<input type=\"hidden\" name=\"frm_action\" value=\"create\" \/>\n<input type=\"hidden\" name=\"form_id\" value=\"1\" \/>\n<input type=\"hidden\" name=\"frm_hide_fields_1\" id=\"frm_hide_fields_1\" value=\"\" \/>\n<input type=\"hidden\" name=\"form_key\" value=\"contact-form\" \/>\n<input type=\"hidden\" name=\"item_meta[0]\" value=\"\" \/>\n<input type=\"hidden\" id=\"frm_submit_entry_1\" name=\"frm_submit_entry_1\" value=\"d3320e4fc9\" \/><input type=\"hidden\" name=\"_wp_http_referer\" value=\"\/index.php\/wp-json\/wp\/v2\/pages\/2\" \/><div id=\"frm_field_1_container\" class=\"frm_form_field form-field  frm_required_field frm_top_container frm_first frm_half\">\r\n\t<label for=\"field_qh4icy\" id=\"field_qh4icy_label\" class=\"frm_primary_label\">Anagrafica\r\n\t\t<span class=\"frm_required\" aria-hidden=\"true\">*<\/span>\r\n\t<\/label>\r\n\t<input type=\"text\" id=\"field_qh4icy\" name=\"item_meta[1]\" value=\"\"  data-reqmsg=\"Anagrafica non pu\u00f2 essere vuoto.\" aria-required=\"true\" data-invmsg=\"Anagrafica non \u00e8 valido\" aria-invalid=\"false\"   aria-describedby=\"frm_desc_field_qh4icy\"\/>\r\n\t<div class=\"frm_description\" id=\"frm_desc_field_qh4icy\">Nome<\/div>\r\n\t\r\n<\/div>\n<div id=\"frm_field_2_container\" class=\"frm_form_field form-field  frm_required_field frm_hidden_container frm_half\">\r\n\t<label for=\"field_ocfup1\" id=\"field_ocfup1_label\" class=\"frm_primary_label\">\r\n\t\t<span class=\"frm_required\" aria-hidden=\"true\">*<\/span>\r\n\t<\/label>\r\n\t<input type=\"text\" id=\"field_ocfup1\" name=\"item_meta[2]\" value=\"\"  data-reqmsg=\"Questo campo non pu\u00f2 essere vuoto.\" aria-required=\"true\" data-invmsg=\"Questo campo non \u00e8 valido\" aria-invalid=\"false\"   aria-describedby=\"frm_desc_field_ocfup1\"\/>\r\n\t<div class=\"frm_description\" id=\"frm_desc_field_ocfup1\">Cognome<\/div>\r\n\t\r\n<\/div>\n<div id=\"frm_field_3_container\" class=\"frm_form_field form-field  frm_required_field frm_top_container frm_full\">\r\n\t<label for=\"field_29yf4d\" id=\"field_29yf4d_label\" class=\"frm_primary_label\">Email\r\n\t\t<span class=\"frm_required\" aria-hidden=\"true\">*<\/span>\r\n\t<\/label>\r\n\t<input type=\"email\" id=\"field_29yf4d\" name=\"item_meta[3]\" value=\"\"  data-reqmsg=\"Email non pu\u00f2 essere vuoto.\" aria-required=\"true\" data-invmsg=\"Please enter a valid email address\" aria-invalid=\"false\"  \/>\r\n\t\r\n\t\r\n<\/div>\n<div id=\"frm_field_34_container\" class=\"frm_form_field form-field  frm_required_field frm_top_container vertical_radio\">\r\n\t<div  id=\"field_bzncy_label\" class=\"frm_primary_label\">Scelta multipla\r\n\t\t<span class=\"frm_required\" aria-hidden=\"true\">*<\/span>\r\n\t<\/div>\r\n\t<div class=\"frm_opt_container\" aria-labelledby=\"field_bzncy_label\" role=\"radiogroup\" aria-required=\"true\">\t\t<div class=\"frm_radio\" id=\"frm_radio_34-0\">\t\t\t<label  for=\"field_bzncy-0\">\n\t\t\t\t\t<input type=\"radio\" name=\"item_meta[34]\" id=\"field_bzncy-0\" value=\"Spedizione aerea\"\n\t\t   data-reqmsg=\"Scelta multipla non pu\u00f2 essere vuoto.\" data-invmsg=\"Scelta multipla non \u00e8 valido\" aria-invalid=\"false\"  \/> Spedizione aerea<\/label><\/div>\n\t\t<div class=\"frm_radio\" id=\"frm_radio_34-1\">\t\t\t<label  for=\"field_bzncy-1\">\n\t\t\t\t\t<input type=\"radio\" name=\"item_meta[34]\" id=\"field_bzncy-1\" value=\"Spedizione marittima\"\n\t\t   data-reqmsg=\"Scelta multipla non pu\u00f2 essere vuoto.\" data-invmsg=\"Scelta multipla non \u00e8 valido\" aria-invalid=\"false\"  \/> Spedizione marittima<\/label><\/div>\n\t\t<div class=\"frm_radio\" id=\"frm_radio_34-2\">\t\t\t<label  for=\"field_bzncy-2\">\n\t\t\t\t\t<input type=\"radio\" name=\"item_meta[34]\" id=\"field_bzncy-2\" value=\"Spedizione stradale\"\n\t\t   data-reqmsg=\"Scelta multipla non pu\u00f2 essere vuoto.\" data-invmsg=\"Scelta multipla non \u00e8 valido\" aria-invalid=\"false\"  \/> Spedizione stradale<\/label><\/div>\n<\/div>\r\n\t\r\n\t\r\n<\/div>\n<div id=\"frm_field_5_container\" class=\"frm_form_field form-field  frm_required_field frm_top_container frm_full\">\r\n\t<label for=\"field_9jv0r1\" id=\"field_9jv0r1_label\" class=\"frm_primary_label\">Messaggio\r\n\t\t<span class=\"frm_required\" aria-hidden=\"true\">*<\/span>\r\n\t<\/label>\r\n\t<textarea name=\"item_meta[5]\" id=\"field_9jv0r1\" rows=\"5\"  data-reqmsg=\"Messaggio non pu\u00f2 essere vuoto.\" aria-required=\"true\" data-invmsg=\"Messaggio non \u00e8 valido\" aria-invalid=\"false\"  ><\/textarea>\r\n\t\r\n\t\r\n<\/div>\n<div id=\"frm_field_35_container\" class=\"frm_form_field form-field  frm_required_field frm_top_container vertical_radio\">\r\n\t<div  id=\"field_huo27_label\" class=\"frm_primary_label\">Accettazione GDPR\r\n\t\t<span class=\"frm_required\" aria-hidden=\"true\">*<\/span>\r\n\t<\/div>\r\n\t<div class=\"frm_opt_container\" aria-labelledby=\"field_huo27_label\" role=\"group\">\t\t<div class=\"frm_checkbox\" id=\"frm_checkbox_35-0\">\t\t\t<label  for=\"field_huo27-0\">\n\t\t\t<input type=\"checkbox\" name=\"item_meta[35][]\" id=\"field_huo27-0\" value=\"Acconsento a che questo sito conservi le informazioni inviate cos\u00ec che possano rispondere alla mia richiesta.\"  data-reqmsg=\"Accettazione GDPR non pu\u00f2 essere vuoto.\" data-invmsg=\"Accettazione GDPR non \u00e8 valido\" aria-invalid=\"false\"   aria-required=\"true\"  \/> Acconsento a che questo sito conservi le informazioni inviate cos\u00ec che possano rispondere alla mia richiesta.<\/label><\/div>\n<\/div>\r\n\t\r\n\t\r\n<\/div>\n<div id=\"frm_field_33_container\" class=\"frm_form_field form-field \">\r\n\t<div class=\"frm_submit frm_flex\">\r\n<button class=\"frm_button_submit\" type=\"submit\"  >Invia<\/button>\r\n\r\n\r\n\r\n<\/div>\r\n<\/div>\n\t<input type=\"hidden\" name=\"item_key\" value=\"\" \/>\n\t\t\t\t<div class=\"frm__664d932a8a1c8\">\n\t\t\t\t<label for=\"frm_email_1\" >\n\t\t\t\t\tSe sei un essere umano, lascia questo campo vuoto.\t\t\t\t<\/label>\n\t\t\t\t<input  id=\"frm_email_1\" type=\"text\" class=\"frm_verify\" name=\"frm__664d932a8a1c8\" value=\"\" autocomplete=\"off\"  \/>\n\t\t\t<\/div>\n\t\t<\/div>\n<\/fieldset>\n<\/div>\n\n<\/form>\n<\/div>\n\n","protected":false},"excerpt":{"rendered":"<p>Il trasporto \u00e8 spesso considerato la parte pi\u00f9 delicata della supply chain. Il tempo \u00e8 prezioso e non c\u2019\u00e8 tempo per solleciti, mancata informazione, insicurezza e inaffidabilit\u00e0 delle risposte. Alix \u00e8 considerata da molti clienti una \u201cboutique dello shipping\u201d, dove le spedizioni vengono seguite con&nbsp;<a class=\"read-more\" href=\"https:\/\/www.alixinternational.com\/\">&hellip;<\/a><\/p>\n","protected":false},"author":1,"featured_media":0,"parent":0,"menu_order":0,"comment_status":"closed","ping_status":"open","template":"","meta":{"footnotes":""},"class_list":["post-2","page","type-page","status-publish","hentry"],"_links":{"self":[{"href":"https:\/\/www.alixinternational.com\/index.php\/wp-json\/wp\/v2\/pages\/2","targetHints":{"allow":["GET"]}}],"collection":[{"href":"https:\/\/www.alixinternational.com\/index.php\/wp-json\/wp\/v2\/pages"}],"about":[{"href":"https:\/\/www.alixinternational.com\/index.php\/wp-json\/wp\/v2\/types\/page"}],"author":[{"embeddable":true,"href":"https:\/\/www.alixinternational.com\/index.php\/wp-json\/wp\/v2\/users\/1"}],"replies":[{"embeddable":true,"href":"https:\/\/www.alixinternational.com\/index.php\/wp-json\/wp\/v2\/comments?post=2"}],"version-history":[{"count":18,"href":"https:\/\/www.alixinternational.com\/index.php\/wp-json\/wp\/v2\/pages\/2\/revisions"}],"predecessor-version":[{"id":430,"href":"https:\/\/www.alixinternational.com\/index.php\/wp-json\/wp\/v2\/pages\/2\/revisions\/430"}],"wp:attachment":[{"href":"https:\/\/www.alixinternational.com\/index.php\/wp-json\/wp\/v2\/media?parent=2"}],"curies":[{"name":"wp","href":"https:\/\/api.w.org\/{rel}","templated":true}]}}