{"id":171,"date":"2023-02-21T09:19:40","date_gmt":"2023-02-21T09:19:40","guid":{"rendered":"https:\/\/www.alixinternational.com\/?page_id=171"},"modified":"2024-05-09T06:42:51","modified_gmt":"2024-05-09T06:42:51","slug":"chi-siamo","status":"publish","type":"page","link":"https:\/\/www.alixinternational.com\/index.php\/chi-siamo\/","title":{"rendered":"Chi Siamo"},"content":{"rendered":"\n<div style=\"height:40px\" aria-hidden=\"true\" class=\"wp-block-spacer\"><\/div>\n\n\n\n<div class=\"wp-block-columns is-layout-flex wp-container-core-columns-is-layout-9d6595d7 wp-block-columns-is-layout-flex\">\n<div class=\"wp-block-column is-layout-flow wp-block-column-is-layout-flow\" style=\"flex-basis:66.66%\">\n<p>Immaginate di entrare in un ufficio dove il profumo del mare si mescola con l\u2019aroma del caff\u00e8 appena fatto. Sullo sfondo, un display interattivo mostra la posizione in tempo reale delle vostre spedizioni, mentre i suoni ambientali vi guidano nei porti e negli aeroporti pi\u00f9 trafficati del mondo.<\/p>\n\n\n\n<p>Benvenuti in Alix International, l\u2019agenzia internazionale di trasporti marittimi ed aerei che ridefinisce il concetto di logistica. La nostra missione \u00e8 semplice: connettere il mondo in modi che non avreste mai immaginato. Non siamo solo una casa di spedizioni: siamo narratori di storie di successo: ogni pacco consegnato \u00e8 una promessa mantenuta, ogni container trasportato \u00e8 un ponte tra culture diverse. Alix International non \u00e8 solo il vostro fornitore di servizi logistici \u00e8 il vostro partner strategico per un mondo senza confini.<\/p>\n\n\n\n<p>Alix International \u00e8 una casa di spedizioni internazionali ad imprenditoria femminile ed \u00e8 nata nel 2021 da un\u2019iniziativa personale di Alice Arduini, frutto delle esperienze accumulate in 10 anni di lavoro nel campo della logistica internazionale. La sede principale \u00e8 a Montano Lucino, in un polo logistico in provincia di Como al confine con la Svizzera e vicino a Malpensa, l\u2019aeroporto principale per import e export della merce via aerea. Nel 2023 l\u2019idea di aprire una filiale al porto di Genova, consolidando la nostra forza commerciale e operativa nel settore marittimo (import\/export di containers completi e groupage).<\/p>\n\n\n\n<p>La nostra azienda \u00e8 come \u201cuna piccola bottega artigiana o una boutique dello shipping\u201d. In controtendenza ad un mondo sempre pi\u00f9 digitalizzato ed impersonale, noi crediamo fortemente in un concetto di \u201cumanit\u00e0\u201d. Nella nostra filosofia aziendale la persona \u00e8 al centro della spedizione, con un approccio professionale e personalizzato.<br>Ci rivolgiamo a ogni tipo di azienda sia di piccole dimensioni che grandi Spa. Proprio perch\u00e9 siamo una piccola realt\u00e0 possiamo offrire un servizio personalizzato, assegnando una persona dedicata che nella gestione dei flussi merce. In questo approccio \u201ctailor made\u201d, sicuramente innovativo e originale per un settore che ha come riferimento le grandi merci e i mercati internazionali. Risiede la chiave del nostro successo in Italia e nel Mondo.<\/p>\n\n\n\n<p>L\u2019eccellenza \u00e8 il nostro obiettivo finale, raggiungendo alti livelli di servizio e di cura nei flussi delle merce. Questo \u00e8 reso possibile ad un\u2019instancabile ricerca del miglioramento ed investimenti in viaggi e conferenze di associazioni internazionali. Infatti, non essendo una multinazionale siamo spesso in viaggio per cercare nuovi partners e \u201cspedizionieri amici\u201d nel Mondo. Case di spedizione che credono nei nostro stessi valori e che siano in grado di garantire un\u2019altissima qualit\u00e0 nel servizio.<br>Alix International \u00e8 fiera di essere \u201cmembro fondatore\u201d della prima associazione internazionale di Donne nella Logistica : \u201cMagenta\u201d.<br>Ci auguriamo un futuro sempre pi\u00f9 \u201crosa\u201d di un settore che fino a un decennio fa non aveva spazio per le donne: un salto di qualit\u00e0 che fa ben sperare in quel recupero del gender gap nel management aziendale di cui tanto si parla ma per il quale ancora poco si \u00e8 fatto.<\/p>\n<\/div>\n\n\n\n<div class=\"wp-block-column is-layout-flow wp-block-column-is-layout-flow\" style=\"flex-basis:33.33%\">\n<figure class=\"wp-block-image size-large is-style-rounded\"><img fetchpriority=\"high\" decoding=\"async\" width=\"1024\" height=\"1024\" src=\"https:\/\/www.alixinternational.com\/wp-content\/uploads\/2023\/02\/1663948595443-1024x1024.jpg\" alt=\"\" class=\"wp-image-172\" srcset=\"https:\/\/www.alixinternational.com\/wp-content\/uploads\/2023\/02\/1663948595443-1024x1024.jpg 1024w, https:\/\/www.alixinternational.com\/wp-content\/uploads\/2023\/02\/1663948595443-300x300.jpg 300w, https:\/\/www.alixinternational.com\/wp-content\/uploads\/2023\/02\/1663948595443-150x150.jpg 150w, https:\/\/www.alixinternational.com\/wp-content\/uploads\/2023\/02\/1663948595443-768x768.jpg 768w, https:\/\/www.alixinternational.com\/wp-content\/uploads\/2023\/02\/1663948595443.jpg 1080w\" sizes=\"(max-width: 1024px) 100vw, 1024px\" \/><\/figure>\n<\/div>\n<\/div>\n","protected":false},"excerpt":{"rendered":"<p>Immaginate di entrare in un ufficio dove il profumo del mare si mescola con l\u2019aroma del caff\u00e8 appena fatto. Sullo sfondo, un display interattivo mostra la posizione in tempo reale delle vostre spedizioni, mentre i suoni ambientali vi guidano nei porti e negli aeroporti pi\u00f9&nbsp;<a class=\"read-more\" href=\"https:\/\/www.alixinternational.com\/index.php\/chi-siamo\/\">&hellip;<\/a><\/p>\n","protected":false},"author":1,"featured_media":0,"parent":0,"menu_order":0,"comment_status":"closed","ping_status":"closed","template":"","meta":{"footnotes":""},"class_list":["post-171","page","type-page","status-publish","hentry"],"_links":{"self":[{"href":"https:\/\/www.alixinternational.com\/index.php\/wp-json\/wp\/v2\/pages\/171","targetHints":{"allow":["GET"]}}],"collection":[{"href":"https:\/\/www.alixinternational.com\/index.php\/wp-json\/wp\/v2\/pages"}],"about":[{"href":"https:\/\/www.alixinternational.com\/index.php\/wp-json\/wp\/v2\/types\/page"}],"author":[{"embeddable":true,"href":"https:\/\/www.alixinternational.com\/index.php\/wp-json\/wp\/v2\/users\/1"}],"replies":[{"embeddable":true,"href":"https:\/\/www.alixinternational.com\/index.php\/wp-json\/wp\/v2\/comments?post=171"}],"version-history":[{"count":13,"href":"https:\/\/www.alixinternational.com\/index.php\/wp-json\/wp\/v2\/pages\/171\/revisions"}],"predecessor-version":[{"id":331,"href":"https:\/\/www.alixinternational.com\/index.php\/wp-json\/wp\/v2\/pages\/171\/revisions\/331"}],"wp:attachment":[{"href":"https:\/\/www.alixinternational.com\/index.php\/wp-json\/wp\/v2\/media?parent=171"}],"curies":[{"name":"wp","href":"https:\/\/api.w.org\/{rel}","templated":true}]}}