{"id":158,"date":"2023-02-21T09:10:29","date_gmt":"2023-02-21T09:10:29","guid":{"rendered":"https:\/\/www.alixinternational.com\/?page_id=158"},"modified":"2024-05-15T07:36:42","modified_gmt":"2024-05-15T07:36:42","slug":"spedizioni-via-aerea","status":"publish","type":"page","link":"https:\/\/www.alixinternational.com\/index.php\/spedizioni-via-aerea\/","title":{"rendered":"Spedizioni Via Aerea"},"content":{"rendered":"\t\t<div data-elementor-type=\"wp-page\" data-elementor-id=\"158\" class=\"elementor elementor-158\">\n\t\t\t\t\t\t<section class=\"elementor-section elementor-top-section elementor-element elementor-element-43a23bb9 elementor-section-boxed elementor-section-height-default elementor-section-height-default\" data-id=\"43a23bb9\" data-element_type=\"section\" data-e-type=\"section\">\n\t\t\t\t\t\t<div class=\"elementor-container elementor-column-gap-default\">\n\t\t\t\t\t<div class=\"elementor-column elementor-col-100 elementor-top-column elementor-element elementor-element-3eef2af9\" data-id=\"3eef2af9\" data-element_type=\"column\" data-e-type=\"column\">\n\t\t\t<div class=\"elementor-widget-wrap elementor-element-populated\">\n\t\t\t\t\t\t<div class=\"elementor-element elementor-element-3ba860a4 elementor-widget elementor-widget-text-editor\" data-id=\"3ba860a4\" data-element_type=\"widget\" data-e-type=\"widget\" data-widget_type=\"text-editor.default\">\n\t\t\t\t<div class=\"elementor-widget-container\">\n\t\t\t\t\t\t\t\t\t\n\n\n<p>&nbsp;<\/p>\n<p class=\"has-medium-font-size\" style=\"text-align: center;\">La nostra azienda \u00e8 specializzata su import\/export via aerea dai principali aeroporti del Mondo, dove possiamo garantire ottime tariffe e servizi su misura del cliente in base alle necessit\u00e0 (prezzo e tempistica).<\/p>\n\n\n\n<p class=\"has-medium-font-size\" style=\"text-align: center;\">Siamo consapevoli che il trasporto via aerea spesso \u00e8 legato ad una tassativit\u00e0 di consegna: ecco perch\u00e9 il nostro team dedicato \u00e8 pronto ad assistervi con la massima cura nel rispetto delle tempistiche.<\/p>\n\n\n\n<p class=\"has-medium-font-size\" style=\"text-align: center;\">I nostri partner in tutto il Mondo ci permettono di coprire tutto il Mondo, offrendo servizi fino a domicilio cliente (DAP\/DDP) garantendo la massima affidabilit\u00e0 negli sdoganamenti e nelle consegne.<\/p>\n\n\n\n<p class=\"has-medium-font-size\" style=\"text-align: center;\">Ci occupiamo anche di \u201ctriangolazioni\u201d aeree, vale a dire tutti i flussi di merce che non toccano l\u2019Italia direttamente ma vengono inviate direttamente al cliente finale (es. Cina \u2013 Stati Uniti).\u00a0<\/p>\n\n\n\n<p class=\"has-medium-font-size\" style=\"text-align: center;\">La nostra rete di agenti selezionati a livello mondiale garantisce cura e servizi eccellenti per i vostri clienti finali, garantendo sdoganamenti veloci e consegne in tempi celeri.<\/p>\n\n\n\n\n\n<div class=\"wp-block-spacer\" style=\"height: 40px;\" aria-hidden=\"true\">\u00a0<\/div>\n\n\n\n<div class=\"wp-block-image\">\n<figure class=\"aligncenter size-large\"><img fetchpriority=\"high\" decoding=\"async\" width=\"1024\" height=\"682\" class=\"wp-image-336 aligncenter\" src=\"https:\/\/alixinternational.com\/srl\/wp-content\/uploads\/2024\/05\/sunset-5301423_1280-1024x682.jpg\" alt=\"\" srcset=\"https:\/\/www.alixinternational.com\/wp-content\/uploads\/2024\/05\/sunset-5301423_1280-1024x682.jpg 1024w, https:\/\/www.alixinternational.com\/wp-content\/uploads\/2024\/05\/sunset-5301423_1280-300x200.jpg 300w, https:\/\/www.alixinternational.com\/wp-content\/uploads\/2024\/05\/sunset-5301423_1280-768x512.jpg 768w, https:\/\/www.alixinternational.com\/wp-content\/uploads\/2024\/05\/sunset-5301423_1280.jpg 1280w\" sizes=\"(max-width: 1024px) 100vw, 1024px\" \/><\/figure>\n<\/div>\n\t\t\t\t\t\t\t\t<\/div>\n\t\t\t\t<\/div>\n\t\t\t\t\t<\/div>\n\t\t<\/div>\n\t\t\t\t\t<\/div>\n\t\t<\/section>\n\t\t\t\t<\/div>\n\t\t","protected":false},"excerpt":{"rendered":"<p>&nbsp; La nostra azienda \u00e8 specializzata su import\/export via aerea dai principali aeroporti del Mondo, dove possiamo garantire ottime tariffe e servizi su misura del cliente in base alle necessit\u00e0 (prezzo e tempistica). Siamo consapevoli che il trasporto via aerea spesso \u00e8 legato ad una&nbsp;<a class=\"read-more\" href=\"https:\/\/www.alixinternational.com\/index.php\/spedizioni-via-aerea\/\">&hellip;<\/a><\/p>\n","protected":false},"author":1,"featured_media":0,"parent":0,"menu_order":0,"comment_status":"closed","ping_status":"closed","template":"","meta":{"footnotes":""},"class_list":["post-158","page","type-page","status-publish","hentry"],"_links":{"self":[{"href":"https:\/\/www.alixinternational.com\/index.php\/wp-json\/wp\/v2\/pages\/158","targetHints":{"allow":["GET"]}}],"collection":[{"href":"https:\/\/www.alixinternational.com\/index.php\/wp-json\/wp\/v2\/pages"}],"about":[{"href":"https:\/\/www.alixinternational.com\/index.php\/wp-json\/wp\/v2\/types\/page"}],"author":[{"embeddable":true,"href":"https:\/\/www.alixinternational.com\/index.php\/wp-json\/wp\/v2\/users\/1"}],"replies":[{"embeddable":true,"href":"https:\/\/www.alixinternational.com\/index.php\/wp-json\/wp\/v2\/comments?post=158"}],"version-history":[{"count":22,"href":"https:\/\/www.alixinternational.com\/index.php\/wp-json\/wp\/v2\/pages\/158\/revisions"}],"predecessor-version":[{"id":380,"href":"https:\/\/www.alixinternational.com\/index.php\/wp-json\/wp\/v2\/pages\/158\/revisions\/380"}],"wp:attachment":[{"href":"https:\/\/www.alixinternational.com\/index.php\/wp-json\/wp\/v2\/media?parent=158"}],"curies":[{"name":"wp","href":"https:\/\/api.w.org\/{rel}","templated":true}]}}